n + 38 = 3*k - 5*k. Let v = k - -24. Suppose 5*i - 4*m - 34 = 0, -5*i + m = -4*i - v. What is the highest common factor of 60 and i?
6
Suppose 0 = -7*f + 4*f + 6, 0 = 5*d + 4*f - 13. Let t be 3*(-4 - (-1 + -4)). What is the highest common divisor of d and t?
1
Suppose 10*p - 590 = -49*p. Suppose -4*n - 27 - 1 = 0. Let i = n - -11. Calculate the greatest common factor of p and i.
2
Let a be (1/(-5))/((-3)/255). Let o be 5 + 4/(-6)*3. Suppose t - 2*x = 15, 6*t - 54 = o*t - 3*x. Calculate the highest common divisor of t and a.
17
Suppose -3*j = -3*a + 72, -4*a + 6*j = 8*j - 96. Calculate the greatest common factor of 1812 and a.
12
Suppose 45*p - 470 = 880. What is the highest common divisor of p and 690?
30
Suppose 52*q - 34*q - 558 = 0. What is the greatest common divisor of q and 403?
31
Let v(s) = -s. Let w be v(-6). Let z = 13 - 1. Calculate the highest common divisor of z and w.
6
Let r(m) be the second derivative of -m**5/20 + 2*m**4/3 - 2*m**3/3 + 3*m**2 - 2*m. Let w be r(6). What is the highest common factor of 18 and w?
18
Let o = -416 - -428. Calculate the greatest common divisor of o and 138.
6
Let s be ((-76)/10)/(-3 - 42/(-15)). Suppose -5*y + s + 32 = 0. What is the greatest common divisor of 42 and y?
14
Let x = -128 - -218. Let i(w) be the first derivative of -5*w**2/2 + 3*w - 7. Let s be i(-3). What is the highest common factor of s and x?
18
Suppose 0 = -2*f + 3*f - 12. Let t(j) = -j**3 + 11*j**2 + 22*j + 64. Let q be t(13). Calculate the greatest common factor of f and q.
12
Suppose 3*t = -2*u + 65, -90 = -3*u - u + 2*t. Suppose h = -4*r + u, -r + 57 = 5*h - 30. What is the greatest common factor of h and 34?
17
Let j = -1846 - -3246. What is the highest common factor of 14 and j?
14
Suppose -3*w = -2*r - 7 + 20, -3*w - 9 = 0. Suppose -4*n - s = -35 - 43, r*s = 5*n - 91. Suppose -2 + n = u. Calculate the highest common factor of u and 68.
17
Let l(g) = -g**2 - 15*g - 49. Let v be l(-8). What is the greatest common divisor of v and 203?
7
Let y(u) = -4*u - 35. Let v be y(-8). Let n(t) = -2*t**3 - 4*t**2 - 7*t - 3. Let g be n(v). Calculate the highest common factor of g and 288.
36
Suppose -23*t + 1120 = 154. Calculate the greatest common factor of t and 9.
3
Suppose 53 = 3*y + 2*p + 2*p, 2*y = -4*p + 30. What is the highest common factor of 92 and y?
23
Let v = -336 - -350. Let o(z) = -z + 1. Let c(k) = 37*k + 5. Let d(y) = c(y) - 6*o(y). Let m be d(1). Calculate the highest common factor of m and v.
14
Let g be -5 - 5*52/(-4). Calculate the greatest common factor of g and 450.
30
Suppose -100 = -5*o + 3*v, o + 2*v = v + 12. Suppose 14 = b + 15. Let q be 3*(b - 148/(-12)). Calculate the greatest common factor of o and q.
17
Let o = 235 - 207. What is the highest common divisor of 2268 and o?
28
Suppose 11*l - 3895 - 7039 = 0. Calculate the greatest common factor of l and 14.
14
Let s be -6 + 0 + 5 + 22. What is the greatest common factor of s and 3297?
21
Let x be (-2)/(-6) - 58/(-6). Suppose -287 = 3*l - 305. Suppose 0 = -l*s + x*s - 160. What is the greatest common factor of 5 and s?
5
Suppose -2*a - 4*g - 6 + 46 = 0, -5*g = 5*a - 100. Let f be (-1004)/(-5) - 4/5. Calculate the greatest common divisor of f and a.
20
Suppose 0 = -3*d - 9, -d + 4432 = -3*q - 1355. Let w be 2/13 - q/130. What is the greatest common divisor of 6 and w?
3
Suppose 4*y - 5*h = 289, 5*y + h - 5*h - 368 = 0. Let l = y + -63. What is the highest common divisor of 208 and l?
13
Let v = 9 - 4. Suppose -z - 5 = 3*i, -3*i - 2*i + 45 = -v*z. Let b be (76/z)/((-2)/4). Calculate the highest common divisor of 38 and b.
19
Let s = 49 + -38. Let c(n) = -n**3 - 5*n**2 - 3*n - 4. Let l(a) = 4*a**3 + a. Let h be l(-1). Let j be c(h). What is the highest common divisor of s and j?
11
Let p be (-10 - (-9 + 2)) + 34. Calculate the highest common divisor of p and 403.
31
Let d(f) = f**3 - 19*f**2 - 20*f + 2. Let r be d(20). Calculate the highest common factor of 1 and r.
1
Let w(f) = 11*f + 99. Let h be w(8). Calculate the greatest common factor of 22 and h.
11
Let j = 802 - 790. What is the greatest common factor of 33 and j?
3
Let q = 7 - -2. Suppose 2*a + 0*s - s = -3, -2*s + q = -a. Calculate the highest common factor of 3 and a.
1
Let z = 9 + 593. What is the greatest common factor of 56 and z?
14
Suppose 7 = z - 5. Suppose 184 - 8 = 11*f. Calculate the highest common factor of z and f.
4
Let t = -12 - -37. Let v = 175 + t. Calculate the greatest common factor of 25 and v.
25
Let a be 1*10/8*4. Let x be (-4)/(a + -1)*-1*19. What is the greatest common divisor of 171 and x?
19
Let b be (-11 + 3)/((-5)/25). Let z = -29 + b. Suppose 10*o + 30 = z*o. Calculate the greatest common factor of o and 12.
6
Suppose -4*h + 4*j + 68 = 0, 3*h + 2*j - 106 = -2*h. Calculate the greatest common divisor of h and 160.
20
Suppose -v + 4*b + 28 = 0, -5*b = 4*v - 41 - 92. Let n(s) = -s**3 + 9*s**2 + 12*s + 4. Let k be n(10). What is the greatest common divisor of v and k?
8
Let d be (-2)/3 + (94806/(-27))/(-23). What is the greatest common divisor of 80 and d?
8
Suppose 0 = 10*g - 6*g + 4*h - 88, -5*g = -5*h - 140. What is the highest common divisor of g and 20?
5
Let j = -27 - -9. Let d = -15 - j. Suppose -d*r = -2*x - 56, -5*r + 62 + 33 = -3*x. Calculate the highest common divisor of 44 and r.
22
Let v = -32 + 37. Suppose 8*n = v*n + 18. What is the greatest common divisor of 66 and n?
6
Suppose 108*u = 99*u + 720. Suppose 2*c - 38 = -3*m, -20 - 8 = -3*m - 4*c. Calculate the highest common factor of u and m.
16
Let c(a) = 3*a + 1. Let y be c(-1). Let n be (y - 346)*(-1)/3. Calculate the greatest common divisor of 29 and n.
29
Let k(n) = 153*n**3 + 6*n**2 + 4*n + 10. Let m be k(-4). Let r be m/(-114) + (-4)/38. Calculate the greatest common factor of 34 and r.
17
Let y be 4*(-21)/(-6) - (-54)/27. Calculate the greatest common factor of y and 96.
16
Suppose 8*b - 607 = 1417. Calculate the highest common factor of 69 and b.
23
Let b be ((-328)/(-10))/(((-15)/25)/(-3)). What is the greatest common divisor of b and 123?
41
Suppose -4*a = -27*a + 690. What is the highest common factor of a and 30?
30
Let m = -100 + 262. What is the highest common factor of 18 and m?
18
Let r = -118 + 226. Suppose 5*h = -2*f + 253, -3*h + 18 = f - r. Suppose -5*j = 3*m - 135, 5*m - f = 2*m - 3*j. Calculate the highest common factor of m and 16.
8
Suppose -104 = -5*t + i, -3*i = -5*t - 5*i + 92. Suppose t = -6*n + n. Let z be 0 + n*(-4 - 32). What is the greatest common factor of 18 and z?
18
Suppose 0 = 2*o - 2*b - 56, 2*b - b = 5. Calculate the greatest common divisor of o and 3.
3
Let h be (-2)/(-8) + (-28)/(-16). Suppose h*g = 4*g + 4*l - 12, -g = 4*l - 4. Let x = -1 + 5. What is the highest common factor of x and g?
4
Let b = -4 - -7. Suppose 10*w - 2*w = 2784. Suppose -3*i + w = 4*q + i, b*i = -2*q + 170. What is the greatest common factor of 13 and q?
13
Let k = -16 + 21. Suppose n + 5*t = 27, -k*n = 2*t - 9 - 34. What is the greatest common divisor of n and 77?
7
Suppose -20 = -3*a + 5*w, 3*a + 4*w - 1 = 10. Suppose 0*h - 70 = -a*h + 5*g, 0 = -5*h - g + 94. What is the greatest common divisor of h and 63?
9
Let x(b) be the second derivative of 29*b**3/3 + b**2/2 + 37*b. Let k be x(2). What is the highest common factor of k and 9?
9
Suppose -69 = -12*y + 3. Let f = 5 + -1. Suppose -5*a + 184 = -4*t, f*a - t = 4*t + 149. Calculate the highest common factor of a and y.
6
Let t = -235 - -347. Suppose -2*h = 2*h - t. Let x(d) = -d**3 - 80*d**2 + 425*d + 14. Let f be x(-85). Calculate the greatest common divisor of f and h.
14
Let o(l) = -8 - 7*l + 2*l + l + 2*l. Let n be o(-7). What is the highest common divisor of 6 and n?
6
Let t(q) = q**2 - 14*q + 21. Let x be t(13). Suppose 4*z = 32 + x. What is the highest common factor of z and 25?
5
Suppose -9*y - 320 = -11*y. What is the highest common factor of y and 96?
32
Let r(t) = 4*t**2 + 16*t - 18. Let j(z) = -3*z**2 - 16*z + 17. Let v(g) = -3*j(g) - 2*r(g). Let f be v(-17). What is the highest common factor of f and 18?
2
Let n = -320 - -330. Calculate the greatest common factor of n and 370.
10
Suppose -88*l = -95*l + 490. What is the highest common divisor of 15 and l?
5
Suppose 74 + 586 = 15*t. Calculate the greatest common factor of t and 11.
11
